s -11112141 (base 5) in base 11?
-67526
-764664 (base 12) to base 9
-3465684
What is -32043412 (base 5) in base 9?
-448412
-37509 (base 16) to base 7
-1632360
-41535537 (base 8) to base 9
-17547168
Convert -1775880 (base 9) to base 10.
-995076
What is 21477 (base 16) in base 15?
2a5c6
What is 1124272 (base 10) in base 8?
4223660
-1132355 (base 6) to base 2
-1110011000001111
1101110001111 (base 2) to base 10
7055
What is a2324 (base 11) in base 8?
443725
What is -50743 (base 16) in base 2?
-1010000011101000011
Convert 651367 (base 12) to base 15.
218b41
-437502 (base 10) to base 14
-b5622
112003301 (base 4) to base 12
44355
-29dc9 (base 14) to base 12
-503b9
Convert 252213 (base 7) to base 16.
b54d
What is aa4c0 (base 15) in base 10?
541080
Convert 1100110011011010 (base 2) to base 4.
30303122
What is 1202211222020 (base 3) in base 11?
593695
-14717 (base 8) to base 15
-1e57
What is 110213212130 (base 4) in base 13?
1173299
What is -25529 (base 15) in base 8?
-350771
Convert -111101011000010010 (base 2) to base 8.
-753022
Convert -29c628 (base 15) to base 11.
-1157937
Convert 87666 (base 9) to base 5.
3330022
Convert -577915 (base 13) to base 7.
-23423431
Convert 1010111000100010110 (base 2) to base 12.
152472
Convert -205404252 (base 6) to base 3.
-20211010222212
What is -23476 (base 15) in base 2?
-11011011100000010
443011044 (base 6) to base 3
120000102010001
What is 136a01 (base 11) in base 2?
110100010010011011
Convert -313011232 (base 5) to base 16.
-13cd1c
103035051 (base 6) to base 3
10102200212011
-10add09 (base 15) to base 16
-b63f04
-24467210 (base 8) to base 3
-101011110111021
What is -3550f (base 16) in base 4?
-311110033
What is 31439 (base 11) in base 14?
12980
Convert -98214 (base 16) to base 5.
-124414444
135224533 (base 6) to base 9
5184313
-335283 (base 9) to base 15
-3e70c
What is 7c981 (base 15) in base 2?
1100000111011011101
-41400403 (base 5) to base 7
-2616243
What is 2b9d7 (base 16) in base 10?
178647
176415 (base 16) to base 4
11312100111
Convert 55dfbb (base 16) to base 11.
31a4304
What is 32120312313 (base 4) in base 2?
1110011000110110110111
What is 38a7767 (base 11) in base 3?
110201102121200
What is -132427 (base 8) in base 5?
-2440414
Convert 5552554 (base 7) to base 6.
22404251
What is -168082 (base 9) in base 4?
-121132001
What is 10022120102210 (base 3) in base 6?
101442120
-3105553 (base 7) to base 9
-625847
Convert 20631c (base 13) to base 2.
10111000101001001100
Convert -34d88 (base 16) to base 7.
-1561032
Convert -811944 (base 11) to base 8.
-4765655
120132201322 (base 4) to base 16
61e87a
What is 2c122b (base 15) in base 7?
24051152
Convert 197317 (base 10) to base 13.
6ba73
What is 4413020233 (base 5) in base 12?
3222546
Convert 8012074 (base 9) to base 2.
10000001111111100011110
What is -91bcb (base 13) in base 4?
-333302120
What is 1c83d (base 14) in base 6?
1321451
-1400231 (base 5) to base 15
-8546
-68cc68 (base 16) to base 14
-caad28
What is 7315 (base 15) in base 2?
101111100000000
What is e33c6 (base 15) in base 7?
6055233
Convert 22213303001 (base 4) to base 2.
1010100111110011000001
What is 10111101001011 (base 2) in base 10?
12107
Convert -5348933 (base 11) to base 9.
-18633774
Convert -4370341 (base 8) to base 6.
-41111225
1665545 (base 8) to base 12
1b5485
-1000322100 (base 4) to base 7
-2155065
What is -69598 (base 10) in base 8?
-207736
What is -1114303 (base 6) in base 10?
-56703
-132221321 (base 4) to base 12
-607b5
What is 5324457 (base 8) in base 14?
28d499
What is 295478 (base 11) in base 12?
1a2a07
What is 1112002122 (base 5) in base 11?
1426315
Convert 100110110101011000011111 (base 2) to base 15.
d61502
What is -1022417 (base 11) in base 12?
-72bb9b
Convert -53a48 (base 13) to base 6.
-3123430
Convert 239565 (base 11) to base 4.
1130130320
-1067011 (base 8) to base 9
-482210
What is 4341303 (base 6) in base 11?
137976
What is -26b1b7 (base 12) in base 6?
-21425151
What is 2255335 (base 10) in base 5?
1034132320
What is 1402041142 (base 5) in base 10?
3549547
What is 23231124 (base 5) in base 8?
634726
8999db (base 14) to base 5
2144044424
-11533212 (base 7) to base 5
-231033231
What is 522774 (base 10) in base 5?
113212044
Convert -1130c3 (base 15) to base 9.
-1480223
-24747375 (base 8) to base 15
-737602
What is -355563 (base 14) in base 3?
-10102111000222
Convert -2993363 (base 11) to base 9.
-10576318
206130 (base 11) to base 14
884ca
What is -1331410000 (base 5) in base 9?
-6333563
Convert -3493825 (base 10) to base 3.
-20120111121221
What is -100011110100010 (base 2) in base 15?
-5678
d71e9a (base 16) to base 12
487a736
2158645 (base 10) to base 6
114133421
Convert -101031330 (base 4) to base 8.
-211574
-321213333 (base 4) to base 3
-102222202220
Convert -84ad37 (base 15) to base 2.
-11000000101100011110011
What is 36b29a (base 12) in base 8?
3312726
994 (base 11) to base 5
14232
Convert -123302112 (base 4) to base 3.
-12210010100
What is 22105561 (base 8) in base 10?
4754289
Convert -1827696 (base 10) to base 7.
-21351363
Convert 77428 (base 11) to base 3.
12201001221
What is 1002122120110 (base 3) in base 9?
1078513
19959b (base 13) to base 8
2363600
744813a (base 11) to base 10
13114507
-27c554 (base 14) to base 8
-5204356
110111100111100010001 (base 2) to base 4
12330330101
Convert ac95b (base 15) to base 13.
162a91
Convert 4411122 (base 5) to base 7.
433645
42523 (base 6) to base 15
1ac6
408aca (base 13) to base 12
606878
20233231 (base 4) to base 16
8bed
Convert 21010102122 (base 4) to base 14.
45c2b8
What is -11035143 (base 6) in base 8?
-1207547
-1000001011000010011010 (base 2) to base 16
-20b09a
-4315aa (base 14) to base 16
-22a4d2
53405 (base 10) to base 4
31002131
-32013302032 (base 4) to base 8
-16076216
Convert -1140445 (base 6) to base 15.
-12aae
375312 (base 9) to base 5
24230343
What is 10c95 (base 15) in base 14?
156ad
What is -156791 (base 10) in base 7?
-1222055
What is -102100112010201 (base 3) in base 2?
-10111000000111110011000
What is 49481a (base 12) in base 8?
4424226
Convert -387451 (base 13) to base 8.
-5135230
5035156 (base 11) to base 10
8908565
What is 1100101011110000001 (base 2) in base 12?
180629
-7700112 (base 10) to base 8
-35277220
What is -11224142 (base 6) in base 2?
-1010100011000111110
-3356703 (base 8) to base 4
-3131313003
Convert -3d500a (base 15) to base 5.
-1224000020
Convert 2000238 (base 9) to base 5.
233004304
What is -1252501 (base 8) in base 7?
-2653652
What is -15730002 (base 8) in base 9?
-6772202
Convert -103343331 (base 5) to base 10.
-449841
-1221101000 (base 3) to base 12
-1a116
7dd75 (base 14) to base 6
10330215
What is 17d1d (base 15) in base 6?
1353231
Convert -1010110101010011011000 (base 2) to base 12.
-b4b474
What is 100301132 (base 5) in base 2?
1100001101100100111
Convert 387a4 (base 11) to base 9.
84152
Convert 123235 (base 11) to base 10.
194606
What is -128233 (base 9) in base 3?
-10222021010
Convert 8b445a (base 14) to base 9.
8818852
What is 32ab2 (base 16) in base 14?
558c2
3c3cd (base 16) to base 5
30343413
Convert 111994 (base 10) to base 11.
77163
What is 857685 (base 10) in base 2?
11010001011001010101
206873 (base 9) to base 15
26776
What is 2314203 (base 6) in base 15?
25350
Convert -676012 (base 10) to base 6.
-22253404
Convert 219629 (base 11) to base 7.
2653614
What is -10010000101000100 (base 2) in base 14?
-1cdb6
What is -10202200101020 (base 3) in base 13?
-550c65
230044031 (base 5) to base 12
4115a9
What is -13419a (base 16) in base 12?
-50a38a
Convert -233344431 (base 5) to base 10.
-1074991
What is -412333 (base 10) in base 9?
-687547
-715370 (base 11) to base 5
-243232333
Convert 31177032 (base 8) to base 3.
110110021002012
Convert -442bb (base 14) to base 8.
-502515
-9d8c0 (base 14) to base 9
-643524
-151474 (base 14) to base 9
-1337187
What is 36b53 (base 16) in base 9?
371341
Convert 5806a9 (base 15) to base 16.
402378
Convert -188165 (base 15) to base 6.
-41313035
Convert 1110111001011101111111 (base 2) to base 3.
21100102012201
What is 3011322313 (base 4) in base 8?
3057267
What is 1101011001110001110 (base 2) in base 14?
b60a2
What is 5d57 (base 15) in base 9?
30241
What is 5663d (base 14) in base 5?
23203100
994a5 (base 13) to base 6
5541201
What is -1b2b87 (base 12) in base 15?
-9